?
-1961796
-21415305 (base 6) to base 14
-1293cd
Convert 10423212 (base 8) to base 3.
11012201002020
-134512306 (base 7) to base 12
-2b40871
What is -1065264 (base 8) in base 14?
-776ba
Convert -2195b (base 14) to base 11.
-5619a
-264372 (base 8) to base 6
-1551454
What is 40101551 (base 6) in base 2?
100010011011000001011
What is -27a18a (base 16) in base 6?
-131400202
1423173 (base 9) to base 12
319219
5252754 (base 8) to base 12
575210
What is 29b19 (base 13) in base 8?
231670
Convert -10022232 (base 4) to base 7.
-100524
Convert 68 (base 15) to base 7.
200
What is -2321231330 (base 4) in base 7?
-6315533
40300420 (base 6) to base 9
2132183
Convert 112111210011 (base 3) to base 8.
1055652
What is 213202213013 (base 4) in base 8?
47424707
Convert -10101112120022 (base 3) to base 13.
-4b114b
What is -10143143004 (base 5) in base 10?
-10521629
What is 10102100110011 (base 3) in base 6?
102543221
Convert 3230002113 (base 4) to base 7.
11134452
What is -6311623 (base 7) in base 12?
-30754a
1112344131 (base 5) to base 14
482741
What is 35230 (base 6) in base 10?
5058
What is -312301010 (base 4) in base 3?
-102101201022
What is 311422233 (base 5) in base 13?
35a61c
Convert -915318 (base 10) to base 4.
-3133131312
-50123452 (base 6) to base 4
-11120130320
What is 2d7c00 (base 14) in base 5?
402042431
Convert -1114211 (base 5) to base 15.
-5d8b
Convert -111110100210 (base 3) to base 5.
-31434031
What is -12133112320 (base 4) in base 16?
-19f5b8
Convert -42983 (base 12) to base 7.
-513651
What is 14534330 (base 6) in base 14?
d3d94
Convert -3327c (base 13) to base 10.
-92715
What is -41544550 (base 6) in base 5?
-302232123
Convert -4fbc44 (base 16) to base 13.
-110c648
What is 47836 (base 14) in base 13?
61562
What is -610335 (base 7) in base 3?
-12020212020
What is -11540531 (base 6) in base 3?
-200211201101
What is -97029 (base 12) in base 15?
-3dd53
What is -32314001 (base 5) in base 11?
-179504
1826cb (base 14) to base 4
3100000123
Convert 6ba71d (base 14) to base 7.
43160036
What is 1d5395 (base 16) in base 3?
10121122102000
Convert 7317e (base 15) to base 3.
200112110202
408382 (base 9) to base 4
323022221
Convert -130513 (base 9) to base 11.
-54514
23111120000 (base 4) to base 2
1011010101011000000000
Convert 14a518 (base 14) to base 3.
1100120120002
100101111001000010100110 (base 2) to base 11
567486a
Convert 230210230 (base 4) to base 7.
1360165
Convert -1100010111101111101000 (base 2) to base 14.
-605bba
What is -3a38 (base 16) in base 7?
-61311
What is -11011000010001000101 (base 2) in base 16?
-d8445
-13aca (base 14) to base 10
-48786
101110010101001101 (base 2) to base 15
3b368
What is 3020320010 (base 4) in base 2?
11001000111000000100
What is 15547122 (base 8) in base 4?
31230321102
What is 76905 (base 15) in base 12?
161b7b
Convert 1027983 (base 13) to base 9.
10188736
What is -205202046 (base 7) in base 16?
-b96d75
-3720402 (base 9) to base 5
-1004133424
Convert 75404222 (base 8) to base 4.
331200202102
1f2ad (base 16) to base 13
46151
1203011323 (base 5) to base 4
22213032020
What is -11100111100011100 (base 2) in base 5?
-12243211
What is 10110011100101000 (base 2) in base 10?
91944
What is -43243240 (base 5) in base 6?
-11522202
What is -151235502 (base 6) in base 13?
-862334
What is -11bc2 (base 13) in base 9?
-48856
Convert -10444430 (base 6) to base 9.
-533160
-2989165 (base 12) to base 9
-16712165
16974 (base 13) to base 8
124537
What is 464774 (base 14) in base 8?
11104202
Convert -260446 (base 11) to base 7.
-3326512
Convert 100303120111 (base 4) to base 10.
4404757
Convert 31083 (base 9) to base 12.
ba33
What is -2111000111 (base 3) in base 12?
-24334
Convert 8333748 (base 9) to base 12.
15a7a98
367404 (base 11) to base 7
4636210
What is -3023032131 (base 5) in base 16?
-5c8a1a
-100201201212 (base 3) to base 9
-321655
123454 (base 8) to base 15
ca31
What is 1935d6 (base 15) in base 7?
13265442
Convert 2356042 (base 8) to base 6.
21503322
Convert 6086b (base 12) to base 6.
2405415
2001120012 (base 3) to base 4
21320321
-891e7d (base 15) to base 14
-c2255a
Convert 1381bb1 (base 14) to base 8.
44043437
Convert 132012 (base 7) to base 4.
12002001
-70303170 (base 8) to base 13
-30a649c
Convert 431305434 (base 6) to base 4.
131012222332
Convert -30c665 (base 14) to base 11.
-a25a08
What is -114267 (base 10) in base 3?
-12210202010
-11120024 (base 5) to base 2
-10111111101011011
11661510 (base 7) to base 6
34353403
Convert -41a72b7 (base 12) to base 11.
-7008899
Convert -1a2d84 (base 14) to base 5.
-214231021
Convert -161218 (base 10) to base 14.
-42a78
Convert -236186 (base 15) to base 7.
-20242455
What is -31d20 (base 16) in base 7?
-1506640
Convert 1131123000 (base 4) to base 10.
382656
-8591663 (base 10) to base 12
-2a6403b
Convert 1696f (base 16) to base 12.
45667
What is 110100010000001100 (base 2) in base 11?
136891
-200022101010212 (base 3) to base 10
-9730796
Convert -321123234 (base 5) to base 12.
-550509
What is -122220413 (base 5) in base 11?
-370085
Convert 5ab509 (base 12) to base 11.
915417
27636033 (base 8) to base 5
3044210212
a4864 (base 11) to base 10
152772
-100001000111010110111101 (base 2) to base 8
-41072675
What is 7a1a02 (base 12) in base 14?
38b6dc
What is -1620c25 (base 13) in base 12?
-2470904
10da3 (base 15) to base 7
312366
Convert -130a96 (base 11) to base 15.
-411c9
Convert 121302310 (base 4) to base 8.
316264
Convert -14611424 (base 7) to base 16.
-1554b3
What is 13001421323 (base 5) in base 13?
3321591
What is -203241 (base 13) in base 14?
-157248
Convert -12850 (base 13) to base 5.
-2044442
Convert -160146 (base 7) to base 13.
-11325
What is 4433400 (base 5) in base 14?
20290
What is -b848f (base 16) in base 10?
-754831
Convert 37134 (base 8) to base 7.
64354
64b3a2 (base 12) to base 2
110000101100001101010
What is -12134020 (base 5) in base 14?
-2dc21
What is -1160cb (base 13) in base 12?
-17b157
What is 211130302 (base 4) in base 16?
25732
What is -187370 (base 10) in base 2?
-101101101111101010
What is 914080 (base 10) in base 15?
130c8a
Convert -11112221221010 (base 3) to base 5.
-1104421404
-a6131 (base 13) to base 4
-1020333321
-102120111022 (base 3) to base 12
-ab9bb
110022231 (base 4) to base 7
462555
Convert 12011012101 (base 3) to base 12.
4a884
Convert 214a2a4 (base 12) to base 16.
60751c
-127600 (base 13) to base 15
-8bbdd
-358517 (base 9) to base 14
-58b13
Convert 743834 (base 11) to base 10.
1190919
Convert 25616034 (base 8) to base 3.
101202001001002
205ad9 (base 14) to base 10
1091519
What is -3000001221 (base 4) in base 2?
-11000000000001101001
Convert -520533 (base 11) to base 13.
-2331b6
Convert -c9d2 (base 15) to base 7.
-235361
42a06 (base 16) to base 8
1025006
686208 (base 11) to base 8
4124126
What is 1406430 (base 7) in base 14?
4c2c0
Convert 2461 (base 9) to base 13.
ab4
104a7d7 (base 14) to base 10
7712201
-209907 (base 10) to base 12
-a1583
-1022000211101 (base 3) to base 15
-d9474
-43521651 (base 7) to base 16
-390435
What is 1843201 (base 9) in base 7?
11526664
What is -1360133 (base 7) in base 3?
-100021102002
1a3c63 (base 15) to base 9
2357743
What is 102614011 (base 7) in base 14?
b4ca78
-1324243 (base 5) to base 14
-9abd
Convert 71645 (base 11) to base 5.
11321333
What is -7154710 (base 8) in base 15?
-27535a
Convert 32055532 (base 6) to base 13.
26c345
Convert -348726 (base 10) to base 15.
-6d4d6
What is 34eee (base 16) in base 10?
216814
Convert 4bda75 (base 16) to base 2.
10010111101101001110101
11220212 (base 3) to base 2
111000000011
What is 102221200110 (base 3) in base 7?
1666551
Convert -3522344 (base 8) to base 12.
-3a3484
Convert 171b9 (base 13) to base 16.
ace5
What is 110120 (base 5) in base 8?
7311
101001100100100001101010 (base 2) to base 13
2347244
Convert 340482 (base 11) to base 8.
2043123
Convert -2727413 (base 8) to base 9.
-1386315
Convert 37874 (base 14) to base 12.
6693a
What is -121b67 (base 14) in base 10?
-619647
Convert -15a3a17 (base 11) to base 13.
-746b87
What is 1459471 (base 11) in base 12?
a07773
What is 12151a (base 12) in base 6?
10135234
What is -3714400 (base 9) in base 6?
-111124043
Convert -142334121 (base 5) to base 16.
-b62b1
3492285 (base 10) to base 16
3549bd
359812 (base 15) to base 3
11211020101022
-17550720 (base 8